{"id":25694,"date":"2026-04-06T00:13:11","date_gmt":"2026-04-06T01:13:11","guid":{"rendered":"https:\/\/belerrance.org\/accueil\/?page_id=25694"},"modified":"2026-04-06T00:13:11","modified_gmt":"2026-04-06T01:13:11","slug":"pages-provisoires","status":"publish","type":"page","link":"https:\/\/belerrance.org\/accueil\/pages-provisoires\/","title":{"rendered":"Pages provisoires"},"content":{"rendered":"<p>[et_pb_section fb_built=\u00a0\u00bb1&Prime; _builder_version=\u00a0\u00bb4.27.6&Prime; _module_preset=\u00a0\u00bbdefault\u00a0\u00bb global_colors_info=\u00a0\u00bb{}\u00a0\u00bb][et_pb_row column_structure=\u00a0\u00bb1_2,1_2&Prime; _builder_version=\u00a0\u00bb4.27.6&Prime; _module_preset=\u00a0\u00bbdefault\u00a0\u00bb global_colors_info=\u00a0\u00bb{}\u00a0\u00bb][et_pb_column type=\u00a0\u00bb1_2&Prime; _builder_version=\u00a0\u00bb4.27.6&Prime; _module_preset=\u00a0\u00bbdefault\u00a0\u00bb global_colors_info=\u00a0\u00bb{}\u00a0\u00bb][et_pb_text _builder_version=\u00a0\u00bb4.27.6&Prime; _module_preset=\u00a0\u00bbdefault\u00a0\u00bb global_colors_info=\u00a0\u00bb{}\u00a0\u00bb][\/et_pb_text][\/et_pb_column][et_pb_column type=\u00a0\u00bb1_2&Prime; _builder_version=\u00a0\u00bb4.27.6&Prime; _module_preset=\u00a0\u00bbdefault\u00a0\u00bb global_colors_info=\u00a0\u00bb{}\u00a0\u00bb][\/et_pb_column][\/et_pb_row][et_pb_row _builder_version=\u00a0\u00bb4.27.6&Prime; _module_preset=\u00a0\u00bbdefault\u00a0\u00bb hover_enabled=\u00a0\u00bb0&Prime; global_colors_info=\u00a0\u00bb{}\u00a0\u00bb sticky_enabled=\u00a0\u00bb0&Prime;][et_pb_column type=\u00a0\u00bb4_4&Prime; _builder_version=\u00a0\u00bb4.27.6&Prime; _module_preset=\u00a0\u00bbdefault\u00a0\u00bb global_colors_info=\u00a0\u00bb{}\u00a0\u00bb][et_pb_text _builder_version=\u00a0\u00bb4.27.6&Prime; _module_preset=\u00a0\u00bbdefault\u00a0\u00bb text_font=\u00a0\u00bbArial||||||||\u00a0\u00bb global_colors_info=\u00a0\u00bb{}\u00a0\u00bb]<\/p>\n<p><strong><span style=\"font-size: x-large;\">EDITO<\/span><\/strong><\/p>\n<p><span style=\"font-size: x-large;\">L\u2019association compagnie Belerrance est heureuse de vous annoncer la sixi\u00e8me \u00e9dition de cette f\u00eate de printemps, devenue depuis l\u2019ann\u00e9e derni\u00e8re \u00ab\u00a0F\u00eate des fleurs et des contes\u00a0\u00bb.<\/span><br \/><span style=\"font-size: x-large;\">C\u2019est avec plaisir que nous renouvelons cette ann\u00e9e notre partenariat avec l\u2019AMAC et Paroles en Festival et &#8230; histoire de prolonger les bonnes choses, la f\u00eate durera tout un week-end\u00a0! Un week-end pour r\u00eaver, de balades en chansons, de contes en ateliers cr\u00e9atifs, de d\u00e9couvertes en jeux et musiques.<\/span><br \/><span style=\"font-size: x-large;\">Samedi la place sera belle avec trois conteuses de Paroles en Festival venues tout sp\u00e9cialement de l\u2019Ard\u00e8che et d\u2019Avignon pour nous donner \u00e0 rire et r\u00eaver.<\/span><br \/><span style=\"font-size: x-large;\">Trois conteuses talentueuses et hors du commun qui nous enchanteront tout au long du jour et qui au soir \u2013 apr\u00e8s la soupe commune \u2013 resteront, pour faire revivre ensemble les veill\u00e9es d\u2019autrefois.<\/span><br \/><span style=\"font-size: x-large;\">Dimanche, bien s\u00fbr l\u2019art oratoire \u00e9gr\u00e8nera ses mots \u00e9maill\u00e9s de r\u00eaves et de l\u00e9gendes, mais la part belle sera faite au partage et \u00e0 votre cr\u00e9ativit\u00e9, avec au programme des ateliers artistiques et ludiques et une ribambelle d\u2019instants conviviaux.<\/span><br \/><span style=\"font-size: x-large;\">Flotteront des airs de musique et la f\u00eate se terminera avec un doux envol de coccinelles.<\/span><br \/><span style=\"font-size: x-large;\">L\u2019association compagnie Belerrance remercie l\u2019ensemble des b\u00e9n\u00e9voles, ainsi que l\u2019association Amis pour Ternier, sans lesquels cette f\u00eate ne serait pas possible\u00a0; Ensemble, ils ont contribu\u00e9 par leurs \u00e9nergies et disponibilit\u00e9s au financement et \u00e0 la mise en \u0153uvre de cet \u00e9v\u00e8nement. <\/span><br \/><span style=\"font-size: x-large;\">Nous tenons \u00e9galement \u00e0 remercier la Mairie de Saint-Julien en Genevois pour son soutien technique et financier, ainsi que la Maison des Habitant-MJC Centre Social pour son investissement sans faille. <\/span><br \/><span style=\"font-size: x-large;\">Nous vous attendons nombreux\u00a0!<\/span><\/p>\n<p>[\/et_pb_text][\/et_pb_column][\/et_pb_row][\/et_pb_section]<\/p>\n","protected":false},"excerpt":{"rendered":"<p>EDITO L\u2019association compagnie Belerrance est heureuse de vous annoncer la sixi\u00e8me \u00e9dition de cette f\u00eate de printemps, devenue depuis l\u2019ann\u00e9e derni\u00e8re \u00ab\u00a0F\u00eate des fleurs et des contes\u00a0\u00bb.C\u2019est avec plaisir que nous renouvelons cette ann\u00e9e notre partenariat avec l\u2019AMAC et Paroles en Festival et &#8230; histoire de prolonger les bonnes choses, la f\u00eate durera tout un [&hellip;]<\/p>\n","protected":false},"author":1,"featured_media":0,"parent":0,"menu_order":0,"comment_status":"closed","ping_status":"closed","template":"","meta":{"_et_pb_use_builder":"on","_et_pb_old_content":"","_et_gb_content_width":"","footnotes":""},"class_list":["post-25694","page","type-page","status-publish","hentry"],"_links":{"self":[{"href":"https:\/\/belerrance.org\/accueil\/wp-json\/wp\/v2\/pages\/25694","targetHints":{"allow":["GET"]}}],"collection":[{"href":"https:\/\/belerrance.org\/accueil\/wp-json\/wp\/v2\/pages"}],"about":[{"href":"https:\/\/belerrance.org\/accueil\/wp-json\/wp\/v2\/types\/page"}],"author":[{"embeddable":true,"href":"https:\/\/belerrance.org\/accueil\/wp-json\/wp\/v2\/users\/1"}],"replies":[{"embeddable":true,"href":"https:\/\/belerrance.org\/accueil\/wp-json\/wp\/v2\/comments?post=25694"}],"version-history":[{"count":5,"href":"https:\/\/belerrance.org\/accueil\/wp-json\/wp\/v2\/pages\/25694\/revisions"}],"predecessor-version":[{"id":25953,"href":"https:\/\/belerrance.org\/accueil\/wp-json\/wp\/v2\/pages\/25694\/revisions\/25953"}],"wp:attachment":[{"href":"https:\/\/belerrance.org\/accueil\/wp-json\/wp\/v2\/media?parent=25694"}],"curies":[{"name":"wp","href":"https:\/\/api.w.org\/{rel}","templated":true}]}}